{"id":223,"date":"2025-12-02T10:15:46","date_gmt":"2025-12-02T10:15:46","guid":{"rendered":"https:\/\/garafincas.com\/?page_id=223"},"modified":"2025-12-17T14:50:10","modified_gmt":"2025-12-17T14:50:10","slug":"inicio","status":"publish","type":"page","link":"https:\/\/garafincas.com\/","title":{"rendered":"Inicio"},"content":{"rendered":"\t\t<div data-elementor-type=\"wp-page\" data-elementor-id=\"223\" class=\"elementor elementor-223\" data-elementor-post-type=\"page\">\n\t\t\t\t<div class=\"elementor-element elementor-element-bc231c8 e-flex e-con-boxed e-con e-parent\" data-id=\"bc231c8\" data-element_type=\"container\">\n\t\t\t\t\t<div class=\"e-con-inner\">\n\t\t\t\t<div class=\"elementor-element elementor-element-806dc43 elementor-widget elementor-widget-spacer\" data-id=\"806dc43\" data-element_type=\"widget\" data-widget_type=\"spacer.default\">\n\t\t\t\t\t\t\t<div class=\"elementor-spacer\">\n\t\t\t<div class=\"elementor-spacer-inner\"><\/div>\n\t\t<\/div>\n\t\t\t\t\t\t<\/div>\n\t\t\t\t\t<\/div>\n\t\t\t\t<\/div>\n\t\t<div class=\"elementor-element elementor-element-d58181d e-con-full e-flex e-con e-parent\" data-id=\"d58181d\" data-element_type=\"container\" data-settings=\"{&quot;background_background&quot;:&quot;classic&quot;}\">\n\t\t\t\t<div class=\"elementor-element elementor-element-078c88f elementor-widget elementor-widget-spacer\" data-id=\"078c88f\" data-element_type=\"widget\" data-widget_type=\"spacer.default\">\n\t\t\t\t\t\t\t<div class=\"elementor-spacer\">\n\t\t\t<div class=\"elementor-spacer-inner\"><\/div>\n\t\t<\/div>\n\t\t\t\t\t\t<\/div>\n\t\t\t\t<\/div>\n\t\t<div class=\"elementor-element elementor-element-06f9e17 e-flex e-con-boxed e-con e-parent\" data-id=\"06f9e17\" data-element_type=\"container\">\n\t\t\t\t\t<div class=\"e-con-inner\">\n\t\t\t\t<div class=\"elementor-element elementor-element-eeca43c elementor-widget elementor-widget-spacer\" data-id=\"eeca43c\" data-element_type=\"widget\" data-widget_type=\"spacer.default\">\n\t\t\t\t\t\t\t<div class=\"elementor-spacer\">\n\t\t\t<div class=\"elementor-spacer-inner\"><\/div>\n\t\t<\/div>\n\t\t\t\t\t\t<\/div>\n\t\t\t\t\t<\/div>\n\t\t\t\t<\/div>\n\t\t<div class=\"elementor-element elementor-element-8c774a5 e-flex e-con-boxed e-con e-parent\" data-id=\"8c774a5\" data-element_type=\"container\">\n\t\t\t\t\t<div class=\"e-con-inner\">\n\t\t\t\t<div class=\"elementor-element elementor-element-f7dd486 elementor-widget elementor-widget-heading\" data-id=\"f7dd486\" data-element_type=\"widget\" data-widget_type=\"heading.default\">\n\t\t\t\t\t<h2 class=\"elementor-heading-title elementor-size-default\">\u00bfPor qu\u00e9 Gara? <\/h2>\t\t\t\t<\/div>\n\t\t\t\t\t<\/div>\n\t\t\t\t<\/div>\n\t\t<div class=\"elementor-element elementor-element-91d6128 e-flex e-con-boxed e-con e-parent\" data-id=\"91d6128\" data-element_type=\"container\" data-settings=\"{&quot;background_background&quot;:&quot;classic&quot;}\">\n\t\t\t\t\t<div class=\"e-con-inner\">\n\t\t\t\t<div class=\"elementor-element elementor-element-753cbbf elementor-widget elementor-widget-heading\" data-id=\"753cbbf\" data-element_type=\"widget\" data-widget_type=\"heading.default\">\n\t\t\t\t\t<h2 class=\"elementor-heading-title elementor-size-default\">\u00bfCu\u00e1l es nuestro enfoque como administradores de fincas Murcia?<\/h2>\t\t\t\t<\/div>\n\t\t\t\t\t<\/div>\n\t\t\t\t<\/div>\n\t\t<div class=\"elementor-element elementor-element-e82fa42 e-flex e-con-boxed e-con e-parent\" data-id=\"e82fa42\" data-element_type=\"container\">\n\t\t\t\t\t<div class=\"e-con-inner\">\n\t\t\t\t<div class=\"elementor-element elementor-element-7a23b88 elementor-widget elementor-widget-spacer\" data-id=\"7a23b88\" data-element_type=\"widget\" data-widget_type=\"spacer.default\">\n\t\t\t\t\t\t\t<div class=\"elementor-spacer\">\n\t\t\t<div class=\"elementor-spacer-inner\"><\/div>\n\t\t<\/div>\n\t\t\t\t\t\t<\/div>\n\t\t\t\t\t<\/div>\n\t\t\t\t<\/div>\n\t\t<div class=\"elementor-element elementor-element-79191487 e-grid e-con-boxed e-con e-parent\" data-id=\"79191487\" data-element_type=\"container\">\n\t\t\t\t\t<div class=\"e-con-inner\">\n\t\t\t\t<div class=\"elementor-element elementor-element-6d1359a8 mi-card elementor-widget elementor-widget-html\" data-id=\"6d1359a8\" data-element_type=\"widget\" data-widget_type=\"html.default\">\n\t\t\t\t\t<style>\n.mi-card {\n    text-align: center;\n    background-color: #ffffff;\n    color: #54595F;\n    border-radius: 12px;\n    box-shadow: 0 4px 15px rgba(0,0,0,0.1);\n    box-sizing: border-box;\n    flex: 1 1 250px;\n    padding: 15px;\n    display: flex;\n    flex-direction: column;\n    justify-content: space-between;\n    height: 100%;\n    transition: transform 0.3s, box-shadow 0.3s, background-color 0.3s;\n    font-family: roboto slab;\n}\n\n\/* Imagen dentro de las cards *\/\n.mi-card img {\n    margin: 8px !important;\n  display: block;\n  margin: 0 auto !important;\n}\n\n\/* Hover *\/\n.mi-card:hover {\n    transform: translateY(-5px);\n    box-shadow: 0 8px 25px rgba(0,0,0,0.2);\n    background-color: #386738;\n    color: #ffffff;\n<\/style> \n \n \n  <img loading=\"lazy\" loading=\"lazy\" decoding=\"async\" width=\"150\" height=\"150\" src=\"https:\/\/garafincas.com\/wp-content\/uploads\/2025\/12\/cercano-verde.png\" alt=\"derecho civil murcia\">\n  <h2>Cercano<\/h2>\n  <p class=\"elementor-image-box-description\">Puedes contar con nosotros como si fu\u00e9ramos un vecino m\u00e1s<\/p>\t\t\t\t<\/div>\n\t\t\t\t<div class=\"elementor-element elementor-element-3d45a209 mi-card elementor-widget elementor-widget-html\" data-id=\"3d45a209\" data-element_type=\"widget\" data-widget_type=\"html.default\">\n\t\t\t\t\t<style>\n\n.elementor-element-6a20b33a{\n    text-align: center;\n  background-color: #2D2C2C;\n  color: #ffffff;\n  border-radius: 12px;\n  box-shadow: 0 4px 15px rgba(0,0,0,0.1);\n  box-sizing: border-box;\n  flex: 1 1 250px;  \/* ancho flexible m\u00ednimo 250px *\/\n  justify-content: space-between;\n  transition: transform 0.3s, box-shadow 0.3s;\n  padding: 15px;\n}\n\n.elementor-element-6a20b33a img {\n  margin: 8px !important;\n}\n\n\/* Hover de la card *\/\n.elementor-element-6a20b33a:hover {\n  transform: translateY(-5px);\n  box-shadow: 0 8px 25px rgba(0,0,0,0.2);\n    background-color: #dd9445;\n}\n\n\/* Bot\u00f3n dentro de la card *\/\n.elementor-element-6a20b33a-button {\n  background-color: #7ea499 !important;\n  color: #fff;\n  padding: 8px 15px;\n  border: none;\n  border-radius: 6px;\n  cursor: pointer;\n  font-size: 0.9rem;\n  transition: background-color 0.3s;\n\n}\n\n<\/style> \n<img loading=\"lazy\" loading=\"lazy\" decoding=\"async\" width=\"150\" height=\"150\" src=\"https:\/\/garafincas.com\/wp-content\/uploads\/2025\/12\/transparente-verde.png\" alt=\"abogado penalista murcia\"><h2 >Transparente<\/a><\/h2><p class=\"elementor-image-box-description\">Con la app tendr\u00e1s acceso a la informaci\u00f3n necesaria 24h al d\u00eda 365 d\u00edas al a\u00f1o <\/p>\t\t\t\t<\/div>\n\t\t\t\t<div class=\"elementor-element elementor-element-7c2bb412 mi-card elementor-widget elementor-widget-html\" data-id=\"7c2bb412\" data-element_type=\"widget\" data-widget_type=\"html.default\">\n\t\t\t\t\t<style>\n\n.elementor-element-6c34f4a0 {\n    text-align: center;\n  background-color: #2D2C2C;\n  color: #ffffff;\n  border-radius: 12px;\n  box-shadow: 0 4px 15px rgba(0,0,0,0.1);\n  box-sizing: border-box;\n  flex: 1 1 250px;  \/* ancho flexible m\u00ednimo 250px *\/\n  justify-content: space-between;\n  transition: transform 0.3s, box-shadow 0.3s;\npadding: 15px;\n}\n\n.elementor-element-6c34f4a0 img {\n  margin: 8px !important;\n}\n\n\/* Hover de la card *\/\n.elementor-element-6c34f4a0:hover {\n  transform: translateY(-5px);\n  box-shadow: 0 8px 25px rgba(0,0,0,0.2);\n    background-color: #dd9445;\n}\n\n\/* Bot\u00f3n dentro de la card *\/\n.elementor-element-6c34f4a0-button {\n  background-color: #7ea499 !important;\n  color: #fff;\n  padding: 8px 15px;\n  border: none;\n  border-radius: 6px;\n  cursor: pointer;\n  font-size: 0.9rem;\n  transition: background-color 0.3s;\n\n}\n\n<\/style> \n<img loading=\"lazy\" loading=\"lazy\" decoding=\"async\" width=\"150\" height=\"150\" src=\"https:\/\/garafincas.com\/wp-content\/uploads\/2025\/12\/comunicativo-verde.png\"><h2 >Comunicativo<\/a><\/h2><p class=\"elementor-image-box-description\">Puedes contactarnos por tel\u00e9fono, Whatsapp o correo electr\u00f3nico<\/p>\t\t\t\t<\/div>\n\t\t\t\t\t<\/div>\n\t\t\t\t<\/div>\n\t\t<div class=\"elementor-element elementor-element-628736e e-flex e-con-boxed e-con e-parent\" data-id=\"628736e\" data-element_type=\"container\">\n\t\t\t\t\t<div class=\"e-con-inner\">\n\t\t\t\t<div class=\"elementor-element elementor-element-2f31878 elementor-widget elementor-widget-spacer\" data-id=\"2f31878\" data-element_type=\"widget\" data-widget_type=\"spacer.default\">\n\t\t\t\t\t\t\t<div class=\"elementor-spacer\">\n\t\t\t<div class=\"elementor-spacer-inner\"><\/div>\n\t\t<\/div>\n\t\t\t\t\t\t<\/div>\n\t\t\t\t\t<\/div>\n\t\t\t\t<\/div>\n\t\t<div class=\"elementor-element elementor-element-11758c1 e-con-full e-flex e-con e-parent\" data-id=\"11758c1\" data-element_type=\"container\" data-settings=\"{&quot;background_background&quot;:&quot;classic&quot;}\">\n\t\t\t\t<div class=\"elementor-element elementor-element-7911360 elementor-widget elementor-widget-spacer\" data-id=\"7911360\" data-element_type=\"widget\" data-widget_type=\"spacer.default\">\n\t\t\t\t\t\t\t<div class=\"elementor-spacer\">\n\t\t\t<div class=\"elementor-spacer-inner\"><\/div>\n\t\t<\/div>\n\t\t\t\t\t\t<\/div>\n\t\t\t\t<\/div>\n\t\t<div class=\"elementor-element elementor-element-b844bde e-flex e-con-boxed e-con e-parent\" data-id=\"b844bde\" data-element_type=\"container\">\n\t\t\t\t\t<div class=\"e-con-inner\">\n\t\t\t\t<div class=\"elementor-element elementor-element-e4ae80b elementor-widget elementor-widget-spacer\" data-id=\"e4ae80b\" data-element_type=\"widget\" data-widget_type=\"spacer.default\">\n\t\t\t\t\t\t\t<div class=\"elementor-spacer\">\n\t\t\t<div class=\"elementor-spacer-inner\"><\/div>\n\t\t<\/div>\n\t\t\t\t\t\t<\/div>\n\t\t\t\t\t<\/div>\n\t\t\t\t<\/div>\n\t\t<div class=\"elementor-element elementor-element-38e4a68 e-flex e-con-boxed e-con e-parent\" data-id=\"38e4a68\" data-element_type=\"container\">\n\t\t\t\t\t<div class=\"e-con-inner\">\n\t\t<div class=\"elementor-element elementor-element-e83c3b3 e-con-full e-flex e-con e-child\" data-id=\"e83c3b3\" data-element_type=\"container\">\n\t\t\t\t<div class=\"elementor-element elementor-element-7fe3ce0 elementor-invisible elementor-widget elementor-widget-text-editor\" data-id=\"7fe3ce0\" data-element_type=\"widget\" data-settings=\"{&quot;_animation&quot;:&quot;fadeInLeft&quot;}\" data-widget_type=\"text-editor.default\">\n\t\t\t\t\t\t\t\t\t<p>En Gara ofrecemos un servicio de <strong>administraci\u00f3n de fincas<\/strong> Murcia basado en la <strong>cercan\u00eda<\/strong>, la <strong>comunicaci\u00f3n<\/strong> constante y la <strong>b\u00fasqueda de soluciones pr\u00e1cticas<\/strong> para las comunidades de propietarios. Nuestro objetivo es que cada comunidad funcione de forma <strong>ordenada<\/strong>, <strong>transparente<\/strong> y <strong>tranquila<\/strong>, facilitando la convivencia y optimizando los recursos comunes.<\/p><p>La <strong>comunicaci\u00f3n directa con los propietarios<\/strong> es uno de los pilares de nuestra forma de trabajar como administradores de fincas Murcia. <strong>Escuchar y mediar<\/strong> son herramientas esenciales para <strong>prevenir conflictos y resolverlos<\/strong> cuando surgen. Actuamos como interlocutor claro entre vecinos, proveedores y \u00f3rganos de gobierno, aportando criterio y serenidad en la toma de decisiones.<\/p><p>En Gara trabajamos con un m\u00e9todo de administraci\u00f3n de fincas basado en el an\u00e1lisis jur\u00eddico riguroso de toda la documentaci\u00f3n de la comunidad, as\u00ed como de sus propuestas, acuerdos y resoluciones. La revisi\u00f3n de estatutos, contratos y actas se realiza con <strong>criterios legales s\u00f3lidos<\/strong>, apoyados en servicios jur\u00eddicos especializados, lo que garantiza que cada decisi\u00f3n est\u00e9 correctamente fundamentada y minimice riesgos en la gesti\u00f3n diaria.<\/p><p>Asimismo, realizamos una revisi\u00f3n integral de los servicios y contratos de la comunidad \u2014mantenimiento, suministros, seguros, limpieza o ascensores\u2014 <strong>con el fin de detectar incidencias, mejorar prestaciones y ajustar costes, siempre en beneficio de los propietarios<\/strong>.<\/p><p>En Gara, la <strong>administraci\u00f3n de fincas<\/strong> no se limita a gestionar recibos o convocar juntas: es un acompa\u00f1amiento continuo, basado en la <strong>comunicaci\u00f3n, la mediaci\u00f3n<\/strong> y el control riguroso de los servicios, para que las comunidades funcionen con <strong>seguridad y confianza.<\/strong><\/p>\t\t\t\t\t\t\t\t<\/div>\n\t\t\t\t<\/div>\n\t\t<div class=\"elementor-element elementor-element-2455ebe e-con-full e-flex elementor-invisible e-con e-child\" data-id=\"2455ebe\" data-element_type=\"container\" data-settings=\"{&quot;animation&quot;:&quot;fadeInRight&quot;}\">\n\t\t\t\t<div class=\"elementor-element elementor-element-820b9df elementor-widget elementor-widget-image\" data-id=\"820b9df\" data-element_type=\"widget\" data-widget_type=\"image.default\">\n\t\t\t\t\t\t\t\t\t\t\t\t\t\t\t<img fetchpriority=\"high\" decoding=\"async\" width=\"687\" height=\"1024\" src=\"https:\/\/garafincas.com\/wp-content\/uploads\/2025\/12\/index-687x1024.jpg\" class=\"attachment-large size-large wp-image-1439\" alt=\"administradores de fincas murcia\" srcset=\"https:\/\/garafincas.com\/wp-content\/uploads\/2025\/12\/index-687x1024.jpg 687w, https:\/\/garafincas.com\/wp-content\/uploads\/2025\/12\/index-201x300.jpg 201w, https:\/\/garafincas.com\/wp-content\/uploads\/2025\/12\/index.jpg 715w\" sizes=\"(max-width: 687px) 100vw, 687px\" \/>\t\t\t\t\t\t\t\t\t\t\t\t\t\t\t<\/div>\n\t\t\t\t<\/div>\n\t\t\t\t\t<\/div>\n\t\t\t\t<\/div>\n\t\t<div class=\"elementor-element elementor-element-1707705 e-flex e-con-boxed e-con e-parent\" data-id=\"1707705\" data-element_type=\"container\">\n\t\t\t\t\t<div class=\"e-con-inner\">\n\t\t\t\t<div class=\"elementor-element elementor-element-f3bc405 elementor-widget elementor-widget-spacer\" data-id=\"f3bc405\" data-element_type=\"widget\" data-widget_type=\"spacer.default\">\n\t\t\t\t\t\t\t<div class=\"elementor-spacer\">\n\t\t\t<div class=\"elementor-spacer-inner\"><\/div>\n\t\t<\/div>\n\t\t\t\t\t\t<\/div>\n\t\t\t\t\t<\/div>\n\t\t\t\t<\/div>\n\t\t<div class=\"elementor-element elementor-element-4f6a2d5 e-flex e-con-boxed e-con e-parent\" data-id=\"4f6a2d5\" data-element_type=\"container\">\n\t\t\t\t\t<div class=\"e-con-inner\">\n\t\t\t\t<div class=\"elementor-element elementor-element-18f0cf3 elementor-widget elementor-widget-heading\" data-id=\"18f0cf3\" data-element_type=\"widget\" data-widget_type=\"heading.default\">\n\t\t\t\t\t<h1 class=\"elementor-heading-title elementor-size-default\">C\u00f3mo contactar con Gara: administraci\u00f3n de fincas Murcia<\/h1>\t\t\t\t<\/div>\n\t\t\t\t\t<\/div>\n\t\t\t\t<\/div>\n\t\t<div class=\"elementor-element elementor-element-ee43f8f e-flex e-con-boxed e-con e-parent\" data-id=\"ee43f8f\" data-element_type=\"container\">\n\t\t\t\t\t<div class=\"e-con-inner\">\n\t\t\t\t<div class=\"elementor-element elementor-element-f26bb0f elementor-widget elementor-widget-spacer\" data-id=\"f26bb0f\" data-element_type=\"widget\" data-widget_type=\"spacer.default\">\n\t\t\t\t\t\t\t<div class=\"elementor-spacer\">\n\t\t\t<div class=\"elementor-spacer-inner\"><\/div>\n\t\t<\/div>\n\t\t\t\t\t\t<\/div>\n\t\t\t\t\t<\/div>\n\t\t\t\t<\/div>\n\t\t<div class=\"elementor-element elementor-element-58f19e4f e-grid e-con-boxed e-con e-parent\" data-id=\"58f19e4f\" data-element_type=\"container\">\n\t\t\t\t\t<div class=\"e-con-inner\">\n\t\t\t\t<div class=\"elementor-element elementor-element-683d875d mi-card2 elementor-widget elementor-widget-html\" data-id=\"683d875d\" data-element_type=\"widget\" data-widget_type=\"html.default\">\n\t\t\t\t\t<style>\n.mi-card2 {\n    text-align: center;\n    background-color: #ffffff;\n    color: #54595F;\n    border-radius: 12px;\n    box-shadow: 0 4px 15px rgba(0,0,0,0.1);\n    box-sizing: border-box;\n    flex: 1 1 250px;\n    padding: 15px;\n    display: flex;\n    flex-direction: column;\n    justify-content: space-between;\n    height: 100%;\n    transition: transform 0.3s, box-shadow 0.3s, background-color 0.3s;\n       font-family: roboto slab;\n}\n\n\/* Imagen dentro de las cards *\/\n.mi-card2 img {\n    margin: 8px !important;\n  display: block;\n  margin: 0 auto !important;\n}\n\n\/* Hover *\/\n.mi-card2:hover {\n    transform: translateY(-5px);\n    box-shadow: 0 8px 25px rgba(0,0,0,0.2);\n    background-color: #386738;\n    color: #ffffff;\n}\n\n\/* Bot\u00f3n dentro de la card *\/\n.mi-card2 .card-button {\n    background-color: #A2C037 !important;\n    color: #fff;\n    padding: 8px 15px;\n    border: none;\n    border-radius: 6px;\n    cursor: pointer;\n    font-size: 0.9rem;\n    transition: background-color 0.3s;\n    margin-top: 15px;\n}\n\n.mi-card2 .card-button:hover {\n    background-color: #ffffff !important;\n    color: #A2C037;\n}\n<\/style> \n \n \n  <img loading=\"lazy\" loading=\"lazy\" decoding=\"async\" width=\"150\" height=\"150\" src=\"https:\/\/garafincas.com\/wp-content\/uploads\/2025\/12\/spobre.png\" alt=\"derecho civil murcia\">\n  <h2>Correo electr\u00f3nico<\/h2>\n  <p class=\"elementor-image-box-description\">Puedes contactarnos por email si as\u00ed lo deseas<\/p>\n<a href=\"https:\/\/mail.google.com\/mail\/?view=cm&amp;fs=1&amp;to=garafincas@gmail.com\" target=\"_blank\" class=\"card-button\" rel=\"noopener\">Haz click aqu\u00ed<\/a>\t\t\t\t<\/div>\n\t\t\t\t<div class=\"elementor-element elementor-element-21a880d6 mi-card2 elementor-widget elementor-widget-html\" data-id=\"21a880d6\" data-element_type=\"widget\" data-widget_type=\"html.default\">\n\t\t\t\t\t<style>\n.mi-card2 {\n.mi-card2 {\n    text-align: center;\n    background-color: #ffffff;\n    color: #54595F;\n    border-radius: 12px;\n    box-shadow: 0 4px 15px rgba(0,0,0,0.1);\n    box-sizing: border-box;\n    flex: 1 1 250px;\n    padding: 15px;\n    display: flex;\n    flex-direction: column;\n    justify-content: space-between;\n    height: 100%;\n    transition: transform 0.3s, box-shadow 0.3s, background-color 0.3s;\n}\n\n\/* Imagen dentro de las cards *\/\n.mi-card2 img {\n    margin: 8px !important;\n  display: block;\n  margin: 0 auto !important;\n}\n\n\/* Hover *\/\n.mi-card2:hover {\n    transform: translateY(-5px);\n    box-shadow: 0 8px 25px rgba(0,0,0,0.2);\n    background-color: #dd9445;\n}\n\n\/* Bot\u00f3n dentro de la card *\/\n.mi-card2 .card-button {\n    background-color: #7ea499 !important;\n    color: #fff;\n    padding: 8px 15px;\n    border: none;\n    border-radius: 6px;\n    cursor: pointer;\n    font-size: 0.9rem;\n    transition: background-color 0.3s;\n    margin-top: 15px;\n}\n\n.mi-card2 .card-button:hover {\n    background-color: #000 !important;\n    color: #ffffff;\n}\n<\/style> \n \n \n  <img loading=\"lazy\" loading=\"lazy\" decoding=\"async\" width=\"150\" height=\"150\" src=\"https:\/\/garafincas.com\/wp-content\/uploads\/2025\/12\/whstapp-1.png\" alt=\"derecho civil murcia\">\n  <h2>Whastapp<\/h2>\n  <p class=\"elementor-image-box-description\">M\u00e1ndanos un whatsapp y responderemos lo antes posible<\/p>\n<a href=\"https:\/\/wa.me\/34623930580\" class=\"card-button\" target=\"_blank\" rel=\"noopener\">Haz click aqu\u00ed<\/a>\t\t\t\t<\/div>\n\t\t\t\t<div class=\"elementor-element elementor-element-210b4d68 mi-card2 elementor-widget elementor-widget-html\" data-id=\"210b4d68\" data-element_type=\"widget\" data-widget_type=\"html.default\">\n\t\t\t\t\t<style>\n.mi-card2 {\n.mi-card2 {\n    text-align: center;\n    background-color: #ffffff;\n    color: #54595F;\n    border-radius: 12px;\n    box-shadow: 0 4px 15px rgba(0,0,0,0.1);\n    box-sizing: border-box;\n    flex: 1 1 250px;\n    padding: 15px;\n    display: flex;\n    flex-direction: column;\n    justify-content: space-between;\n    height: 100%;\n    transition: transform 0.3s, box-shadow 0.3s, background-color 0.3s;\n}\n\n\/* Imagen dentro de las cards *\/\n.mi-card2 img {\n    margin: 8px !important;\n  display: block;\n  margin: 0 auto !important;\n}\n\n\/* Hover *\/\n.mi-card2:hover {\n    transform: translateY(-5px);\n    box-shadow: 0 8px 25px rgba(0,0,0,0.2);\n    background-color: #dd9445;\n}\n\n\/* Bot\u00f3n dentro de la card *\/\n.mi-card2 .card-button {\n    background-color: #7ea499 !important;\n    color: #fff;\n    padding: 8px 15px;\n    border: none;\n    border-radius: 6px;\n    cursor: pointer;\n    font-size: 0.9rem;\n    transition: background-color 0.3s;\n    margin-top: 15px;\n}\n\n.mi-card2 .card-button:hover {\n    background-color: #000 !important;\n    color: #ffffff;\n}\n<\/style> \n \n \n  <img loading=\"lazy\" loading=\"lazy\" decoding=\"async\" width=\"150\" height=\"150\" src=\"https:\/\/garafincas.com\/wp-content\/uploads\/2025\/12\/formulario-1.png\" alt=\"derecho civil murcia\">\n  <h2>Escr\u00edbenos<\/h2>\n  <p class=\"elementor-image-box-description\">Puedes contactarnos directamente a trav\u00e9s del siguiente formulario<\/p>\n<a href=\"https:\/\/garafincas.com\/index.php\/contacto\/#contacto\" class=\"card-button\">Haz click aqu\u00ed<\/a>\t\t\t\t<\/div>\n\t\t\t\t\t<\/div>\n\t\t\t\t<\/div>\n\t\t<div class=\"elementor-element elementor-element-d8bd853 e-flex e-con-boxed e-con e-parent\" data-id=\"d8bd853\" data-element_type=\"container\">\n\t\t\t\t\t<div class=\"e-con-inner\">\n\t\t\t\t<div class=\"elementor-element elementor-element-f82dd59 elementor-widget elementor-widget-spacer\" data-id=\"f82dd59\" data-element_type=\"widget\" data-widget_type=\"spacer.default\">\n\t\t\t\t\t\t\t<div class=\"elementor-spacer\">\n\t\t\t<div class=\"elementor-spacer-inner\"><\/div>\n\t\t<\/div>\n\t\t\t\t\t\t<\/div>\n\t\t\t\t\t<\/div>\n\t\t\t\t<\/div>\n\t\t\t\t<\/div>\n\t\t","protected":false},"excerpt":{"rendered":"<p>\u00bfPor qu\u00e9 Gara? \u00bfCu\u00e1l es nuestro enfoque como administradores de fincas Murcia? Cercano Puedes contar con nosotros como si fu\u00e9ramos un vecino m\u00e1s Transparente Con la app tendr\u00e1s acceso a la informaci\u00f3n necesaria 24h al d\u00eda 365 d\u00edas al a\u00f1o Comunicativo Puedes contactarnos por tel\u00e9fono, Whatsapp o correo electr\u00f3nico En Gara ofrecemos un servicio de [&hellip;]<\/p>\n","protected":false},"author":1,"featured_media":0,"parent":0,"menu_order":0,"comment_status":"closed","ping_status":"closed","template":"","meta":{"footnotes":""},"class_list":["post-223","page","type-page","status-publish","hentry"],"_links":{"self":[{"href":"https:\/\/garafincas.com\/index.php\/wp-json\/wp\/v2\/pages\/223","targetHints":{"allow":["GET"]}}],"collection":[{"href":"https:\/\/garafincas.com\/index.php\/wp-json\/wp\/v2\/pages"}],"about":[{"href":"https:\/\/garafincas.com\/index.php\/wp-json\/wp\/v2\/types\/page"}],"author":[{"embeddable":true,"href":"https:\/\/garafincas.com\/index.php\/wp-json\/wp\/v2\/users\/1"}],"replies":[{"embeddable":true,"href":"https:\/\/garafincas.com\/index.php\/wp-json\/wp\/v2\/comments?post=223"}],"version-history":[{"count":316,"href":"https:\/\/garafincas.com\/index.php\/wp-json\/wp\/v2\/pages\/223\/revisions"}],"predecessor-version":[{"id":1536,"href":"https:\/\/garafincas.com\/index.php\/wp-json\/wp\/v2\/pages\/223\/revisions\/1536"}],"wp:attachment":[{"href":"https:\/\/garafincas.com\/index.php\/wp-json\/wp\/v2\/media?parent=223"}],"curies":[{"name":"wp","href":"https:\/\/api.w.org\/{rel}","templated":true}]}}